, u + 3*d = -2*u + 15. Let y = -1 - u. What are the prime factors of 2*(-1)/(1/y)?
2, 3
Let v = -32 + 47. Let q = v + -11. What are the prime factors of q?
2
Suppose -5*n + 16 = -0*n + w, 0 = 2*n + 5*w - 11. Suppose 4*x - 5*i = 53, -3*x - n*i + 32 = -1. List the prime factors of x.
2, 3
Let g(y) = 2*y**2 + 10. What are the prime factors of g(10)?
2, 3, 5, 7
Suppose -3*o + 946 = -3*g + 5*g, -g + 944 = 3*o. List the prime factors of o.
2, 157
Let t(w) = w + 4. Let a = -7 + 11. Suppose 0*m + a*m = 0. List the prime factors of t(m).
2
Let m be 12/(-15)*(-15)/6. Suppose -m*h + 30 = q, -3*h = -2*q - 2*q - 67. List the prime factors of h.
17
Let a(q) = q**2 - 9*q + 2. Let g be a(8). What are the prime factors of ((-8)/3)/(2/g)?
2
Suppose 0 = -z - 2, 5*n = 3*n - 2*z. What are the prime factors of n?
2
Suppose -2*l - l - 9 = 0. Let f = 4 + l. Let g = 10 - f. List the prime factors of g.
3
Let q(w) = w**3 - w**2 + 13. Suppose 4*d + 4 = 0, 2*d - d - 11 = -3*v. Suppose 7*t = v*t. What are the prime factors of q(t)?
13
Let h be 0 - 2/(0 - -2). Let w = 6 + h. What are the prime factors of w?
5
Let r = 24 + 5. List the prime factors of r.
29
Let t be ((-4)/4)/(2/(-6)). Suppose -2 - 1 = t*z. List the prime factors of (-34)/(-4) + z/2.
2
Suppose -4*d = -52 - 8. List the prime factors of d.
3, 5
Let g be (20/(-16))/(1/(-4)). Suppose m = -2*m - g*b + 101, 4*m + 5*b = 128. List the prime factors of m.
3
Suppose 0 = -z - 3*z + 3*j - 31, z - 2*j = -4. List the prime factors of (z/4)/(3/(-18)).
3, 5
Let v(i) = 2 + 2 - 2 - i**2 - 6 + 12*i. List the prime factors of v(8).
2, 7
Let b(h) = -6*h**3 + 10*h**2 + 9*h - 3. Let p(k) = -5*k**3 + 9*k**2 + 8*k - 2. Let a(c) = 6*b(c) - 7*p(c). List the prime factors of a(-3).
2
Suppose -2*d - 3*q + 0*q = -249, -4*d - 2*q = -494. List the prime factors of d.
3, 41
Let a(d) = d - 12. Let t be a(12). Suppose 85 = -t*f + 5*f. List the prime factors of f.
17
Let b = 11 - 16. Let d(f) = -f**3 - 3*f**2 + 7*f + 6. List the prime factors of d(b).
3, 7
Suppose -4*l - 3*h - 3 = 0, -2*l + 2*h + 2*h = -4. Suppose l = -0*w + 3*w + 12. What are the prime factors of w/(-3)*(-1 + 10)?
2, 3
Suppose t = 3*d - d - 8, 5*d = -3*t + 42. What are the prime factors of d?
2, 3
Let b = -82 + 58. Suppose 2*o + 51 = -3*o + u, 4*u = o - 5. List the prime factors of b/o + (-6)/33.
2
Let f(w) be the third derivative of -w**5/60 + w**4/8 + w**2. Let j be f(3). Suppose -3*n + 29 + 1 = j. What are the prime factors of n?
2, 5
Let v be (-4)/8*(-12 - 2). Suppose -v = 5*a + 8. Let s(b) = b**2 + b + 4. What are the prime factors of s(a)?
2, 5
Suppose 37 = -2*x - 3*z, 0*z + 4*z = x - 9. Let o = -8 - x. List the prime factors of o.
3
Let r = 106 + -59. Suppose -5*a + 158 + r = 0. List the prime factors of a.
41
Let w be 2 - (-4 - 0)/2. Suppose 0 = w*u + 4, -4*i + 0*u + 116 = -4*u. List the prime factors of i.
2, 7
Let d = -78 - -89. List the prime factors of d.
11
Suppose 0 = -w - 0*f + 2*f + 44, 5*w - 194 = -3*f. What are the prime factors of w?
2, 5
Let a be 2/5 - 47/5. Suppose 7*h - 2*h - 85 = 0. Let r = h + a. What are the prime factors of r?
2
Let k be 1*-2 + 1 + -1. Let p = 2 + k. Suppose p = 5*j - 72 + 27. List the prime factors of j.
3
Let z(q) = -2*q + 3*q - 2*q. Let c be z(0). Suppose -m = -v + 16, 3*m + 61 = 4*v - c*m. List the prime factors of v.
13
Let t(v) = v**3 - 6*v**2 - 8*v + 3. Let k be t(7). What are the prime factors of (92/(-16))/(1/k)?
23
What are the prime factors of ((-21)/(-6))/((-4)/(-96))?
2, 3, 7
Let p be ((-2)/(-4))/(1/32). Let n be (-1 - (-11)/4)*4. Let l = p - n. What are the prime factors of l?
3
Suppose -4*m + 115 = 3*l, -3*m = 4*l + 2*m - 153. List the prime factors of l.
37
Let t(s) = -s**2 - 5*s - 4. Let r be t(-4). Suppose r*x + 3*x = 36. List the prime factors of x.
2, 3
Suppose 4*y + 0*y + 14 = g, 4*y = -3*g - 22. What are the prime factors of (-84)/9*3/g?
2, 7
Let o(s) = 2*s**2 + 3*s - 1. Let w be o(3). Suppose 0 = 3*f - w - 73. What are the prime factors of f?
3, 11
Suppose 3*s - 10 = -2*s - 2*p, 5*p - 2 = -s. Suppose -r - 8 = s*w + 3*r, 2*r + 4 = -2*w. Suppose w*g = g - 9. What are the prime factors of g?
3
Let f = 1 - 19. List the prime factors of ((-84)/f)/((-4)/(-18)).
3, 7
Let q(f) = 122*f**3 - f**2 + f - 1. Let d be q(1). Suppose 4*w + 5*g = -0*w + d, -4*w = g - 101. Suppose -w = -3*c - 0*c. List the prime factors of c.
2
Let k = 20 + -6. Suppose -4*t + 5*t = k. List the prime factors of t.
2, 7
Let x be 2 + 2/(-2) + 0. Let y be (-1)/(2 - x)*-3. Suppose -4*v + 2*w + 11 = -y*w, 2*w - 10 = 0. What are the prime factors of v?
3
Let f(v) = 2*v - 9. Let k be f(7). Suppose -k*n + 4 = -126. What are the prime factors of n?
2, 13
What are the prime factors of 3 + 10*(-12)/(-4)?
3, 11
What are the prime factors of 30/20*(-22)/(-3)?
11
Suppose 3*f = -f. Let p = f - 1. Let h = p + 3. What are the prime factors of h?
2
Let l(u) = -2*u**2 + 6*u - 10. Let p be l(3). Let q(b) = -b**3 - 8*b**2 + 16*b + 13. What are the prime factors of q(p)?
53
Let r(u) = -12*u**3 + u. Let n be (0 - -2)/(-2) - -1. Let v be (2/(n + -2))/1. List the prime factors of r(v).
11
Let m(g) = -g**2 + 9*g + 12. Let y be m(10). Suppose -y*t + 72 = -0*b - 5*b, 0 = 5*b - 10. What are the prime factors of t?
41
Suppose 5*o - 229 = 61. List the prime factors of o.
2, 29
Let j(p) = 4*p. What are the prime factors of j(3)?
2, 3
Suppose 5*f + 315 = 5*m, -272 = -0*m - 4*m - f. What are the prime factors of m?
67
Let c(l) = -3*l + 9. Let s(v) = -v + 4*v + 5*v - 28. Let q(k) = -11*c(k) - 4*s(k). What are the prime factors of q(-6)?
7
Suppose 4*a = 3*i - 408, 272 = 2*i - 3*a + a. Suppose -y = y - i. Suppose 12 = -4*g + y. List the prime factors of g.
2, 7
Suppose -a + 3*a + z = 4, -z - 24 = -5*a. Suppose a*t = -3 + 19. Suppose -t*d + 2*n + 31 = 3*n, -1 = 2*d - 5*n. List the prime factors of d.
7
Let t(j) = j**3 - 3*j**2 - 15*j + 15. List the prime factors of t(7).
2, 53
Let x = 16 - -85. List the prime factors of x.
101
Suppose 0 = -3*n - 18 - 24. Let s = 6 + n. Let w = 18 + s. List the prime factors of w.
2, 5
List the prime factors of ((-16)/3)/((-4)/42).
2, 7
Let n be 6/(-4)*24/18. Let w be n/3 - (-8)/12. What are the prime factors of w + -1 + 2 + 4?
5
Let n(q) be the first derivative of 1 + 0*q - 3/2*q**2. What are the prime factors of n(-1)?
3
Let y = -43 - -132. Suppose -4*s - 2*t + 74 = 0, -3*t - 10 = 4*s - y. List the prime factors of s.
2
Let x = 1 + 17. What are the prime factors of x?
2, 3
Let t(i) = i**2 - 3*i - 3. Let o be t(4). Let v(u) = u**2 - 2*u + 3. Let w be v(6). Suppose 3*y = 5*n + w, -y = n - 0 - o. List the prime factors of y.
2
Suppose b = -5*g - 13, 3*b + 0 + 1 = 4*g. Let r = b - -1. What are the prime factors of -2*6*(r - -1)?
2, 3
Let t be 46/14 - (-6)/(-21). Suppose l = 3*p + 2, -7*p - 16 = -t*p. Let w = -5 - l. List the prime factors of w.
5
Let m(s) = s**2 - 8*s + 3. List the prime factors of m(8).
3
Suppose 0*c + 5*c - 10 = -5*o, 2*c = 3*o - 1. Suppose 5*u - 2*n - c = 0, -5*u + 1 = -n - 2. Suppose 11 + u = 4*j. List the prime factors of j.
3
Suppose q = -4*v + 1116, v + q - 279 = 6*q. List the prime factors of v.
3, 31
Let z(b) = b**3 + 12*b**2 + 6*b - 4. What are the prime factors of z(-11)?
3, 17
Let l = -132 + 197. What are the prime factors of l?
5, 13
Suppose -l + 4*c = 29, 3*l + c - 32 = 6*l. Let k = 2 - 2. What are the prime factors of k - ((-2)/(-2) + l)?
2
Suppose 4*u = -5*s - 2, 0*u - 13 = s + 5*u. Suppose -2*i = 4*q + 4, -2*q = 2*i - s + 8. Let b = 13 + i. List the prime factors of b.
3
Let x(o) = 17*o + 7. What are the prime factors of x(4)?
3, 5
Let i(y) = 2*y**2 - 3*y - 3. Let l be i(-3). Let g = -7 + l. What are the prime factors of g?
17
Suppose 3*q - 2 = v, 4*v = -v + 3*q + 38. What are the prime factors of v?
2, 5
Let c be 1*-4*4/8. Let h = 3 - c. List the prime factors of h.
5
Suppose -4*g + g = -12. What are the prime factors of g?
2
List the prime factors of -4 + (-190)/(-45) - 448/(-9).
2, 5
What are the prime factors of 1*-4 - 564/(-12)?
43
Let y = 5 - 2. Suppose -3*d + 51 = 3*b - 4*d, -y*d + 55 = 4*b. What are the prime factors of b?
2
Let w = -1 + -1. Let n be -1*w/(-3)*-54. What are the prime factors of n/10*(-30)/(-9)?
2, 3
Let h(s) = 2*s**3 - 5*s**2 + 2*s + 3. What are the prime factors of h(3)?
2, 3
Let n(z) = z*